o base 7.
-102624152
What is 14655772 (base 8) in base 9?
6300108
What is 1100110110111111011100 (base 2) in base 12?
1166964
What is 3604250 (base 7) in base 15?
8ed7e
What is -35b13 (base 12) in base 5?
-4304242
Convert -436514 (base 9) to base 12.
-106a27
Convert 1101111001021 (base 3) to base 11.
464341
What is -10695a (base 12) in base 9?
-436377
Convert 2842236 (base 9) to base 14.
2c9951
Convert -154305122 (base 6) to base 14.
-619190
What is -12030222013 (base 4) in base 9?
-3045614
Convert 654a9 (base 11) to base 15.
1d2a4
What is -556055 (base 7) in base 16?
-17f5a
What is -44300465 (base 7) in base 9?
-7154708
41aaa (base 11) to base 14
18453
-1010000011000 (base 2) to base 4
-1100120
2011121221121 (base 3) to base 6
40422241
Convert 1766ea (base 15) to base 9.
2120634
-266402 (base 7) to base 5
-3102101
Convert -16016610 (base 7) to base 10.
-1534197
Convert -10121155 (base 6) to base 5.
-33244331
Convert aaa8d (base 14) to base 12.
17b499
Convert 912589 (base 11) to base 8.
5462110
What is 230044304 (base 5) in base 9?
1822353
386776 (base 9) to base 14
61725
Convert 1a7720 (base 16) to base 10.
1734432
What is -130170 (base 9) in base 16?
-1341c
What is -1220799 (base 14) in base 11?
-49a1072
What is 498357a (base 11) in base 5?
4204020031
Convert -2122222021 (base 3) to base 13.
-1ab60
-233334003 (base 5) to base 14
-1dd6c5
Convert -112110002020 (base 3) to base 8.
-1053322
What is 1314212 (base 6) in base 5?
4302344
Convert 23743 (base 12) to base 9.
72406
Convert 3a9a43 (base 11) to base 7.
5315023
What is -344325404 (base 6) in base 16?
-613c0c
What is -1435105 (base 6) in base 7?
-463211
Convert -1151574 (base 9) to base 11.
-397214
What is 1d734e (base 15) in base 9?
2636782
-25129 (base 11) to base 4
-20303321
What is ae0e1 (base 16) in base 4?
2232003201
11000112020211 (base 3) to base 15
2c2e04
-3322028 (base 9) to base 7
-21116135
-17a06 (base 16) to base 4
-113220012
Convert -313940 (base 10) to base 11.
-1a4960
3302111 (base 4) to base 6
155445
31c462 (base 14) to base 2
110011011100010110110
What is -30254004 (base 6) in base 3?
-1121211102011
-1142012114 (base 5) to base 12
-a97961
What is 243243032 (base 5) in base 7?
12526043
What is -12121023 (base 5) in base 15?
-23b28
Convert 21020554 (base 6) to base 3.
1010221211221
Convert 11000010000010011110 (base 2) to base 16.
c209e
-140735 (base 8) to base 12
-24879
What is 5156377 (base 8) in base 7?
14423166
284022 (base 10) to base 8
1052566
144120 (base 7) to base 15
83b6
1882022 (base 10) to base 6
104201022
Convert 30c3ba (base 14) to base 16.
192230
What is 170ccb (base 14) in base 3?
1112010002212
What is 1442026 (base 11) in base 7?
30024426
What is 10110110101011110 (base 2) in base 15?
1caa9
What is -13221022 (base 4) in base 10?
-31306
What is -372870 (base 12) in base 5?
-212140330
-3b3d4 (base 15) to base 5
-22033444
What is -8e478 (base 15) in base 6?
-13414235
Convert -4a465 (base 12) to base 7.
-600050
What is 11100011110101100100 (base 2) in base 5?
214330340
Convert -51020561 (base 7) to base 8.
-20132106
-100012321100 (base 4) to base 11
-2424507
11100110100100110110 (base 2) to base 8
3464466
-23054635 (base 8) to base 12
-1813791
Convert -44b63 (base 14) to base 15.
-346a8
Convert -eca2cd (base 15) to base 6.
-1041342251
Convert 10010010100111001101 (base 2) to base 6.
20512113
Convert -4741256 (base 9) to base 5.
-1124110133
What is 33311 (base 16) in base 12?
a1415
What is -15701053 (base 8) in base 4?
-31320020223
Convert a335d (base 16) to base 6.
22154541
What is -475178 (base 14) in base 11?
-1412967
What is 1472d8 (base 14) in base 16?
ada6e
What is 1201200210 (base 3) in base 6?
421333
120029 (base 11) to base 5
22042424
-354530 (base 7) to base 10
-64064
Convert 166c4 (base 16) to base 6.
1545112
Convert 430545242 (base 6) to base 2.
11101000000010100111010
110110001000011100 (base 2) to base 8
661034
What is 1007112 (base 8) in base 14?
6cc1c
Convert 570524 (base 9) to base 6.
11153251
2025a70 (base 11) to base 10
3580346
21003402 (base 5) to base 14
46b4c
Convert 1273453 (base 8) to base 7.
3021164
-a16a4 (base 11) to base 13
-52824
What is cd284 (base 15) in base 11?
405901
-1255298 (base 10) to base 9
-2322845
-131121331 (base 7) to base 9
-16674547
Convert 5c5109 (base 13) to base 3.
11011022001012
Convert -33a363 (base 11) to base 6.
-15331442
-29b4e (base 16) to base 3
-22200100001
12432402 (base 5) to base 12
5b99a
-bc07 (base 16) to base 9
-73023
What is 11321013 (base 6) in base 13?
c4728
-3184112 (base 11) to base 4
-111112301300
Convert 92557 (base 11) to base 12.
66222
Convert 30230310031 (base 4) to base 8.
14546415
-1032213010 (base 4) to base 10
-321988
100101010100011011111 (base 2) to base 14
23b927
3355306 (base 7) to base 10
417241
What is 7574571 (base 8) in base 4?
13233211321
What is -5329363 (base 10) in base 5?
-2331014423
What is -1d759 (base 14) in base 6?
-1341415
What is 74520 (base 15) in base 13?
cbc7c
Convert -b494 (base 16) to base 11.
-31806
Convert -43222044 (base 5) to base 9.
-618563
What is 50579 (base 16) in base 8?
1202571
Convert 233423222 (base 5) to base 10.
1076687
-1171c (base 13) to base 4
-13303132
568768 (base 10) to base 5
121200033
What is 11113132 (base 7) in base 15?
13ed51
23340201 (base 5) to base 7
1553654
Convert -11011101111000110100100 (base 2) to base 13.
-167757b
-1211341024 (base 5) to base 10
-2840139
Convert 143476 (base 9) to base 5.
10302443
Convert -1150124 (base 11) to base 14.
-3a3072
What is -8530617 (base 9) in base 16?
-45afae
What is -3033110131 (base 4) in base 9?
-1533764
47909 (base 11) to base 16
10d73
Convert -26328d (base 15) to base 13.
-4c2550
What is -390724 (base 16) in base 7?
-43524103
What is 550615 (base 8) in base 6?
3543101
-203311100020 (base 4) to base 5
-4401040120
What is 19beb (base 16) in base 8?
315753
Convert -2010110120 (base 3) to base 15.
-c62c
11002111221 (base 3) to base 4
103222312
What is -34021344 (base 5) in base 9?
-504228
What is 1010100001001101110 (base 2) in base 5?
42012221
Convert 5b93bd (base 15) to base 11.
2525554
What is -23379 (base 10) in base 3?
-1012001220
-43310031 (base 6) to base 2
-100111001100100000011
What is -25ca29 (base 13) in base 8?
-3370110
What is 1249236 (base 10) in base 3?
2100110122000
Convert 6b481 (base 12) to base 11.
99298
What is 20446352 (base 8) in base 13?
b9195b
-1415358 (base 10) to base 9
-2586450
13405 (base 9) to base 6
110005
Convert 11233233 (base 8) to base 12.
997423
-185adb (base 16) to base 5
-402033443
Convert 7bf (base 16) to base 14.
a19
-288718 (base 9) to base 11
-110a91
What is -66522004 (base 7) in base 6?
-322542411
What is -2015661 (base 8) in base 15?
-a76a2
Convert 193723 (base 11) to base 15.
5d30a
Convert -8577b0 (base 12) to base 13.
-58a3ac
Convert 54401014 (base 6) to base 11.
a05397
What is -10002103 (base 10) in base 12?
-3424307
Convert 105255211 (base 7) to base 14.
bc8778
Convert 95816 (base 11) to base 5.
13430114
What is -134362 (base 8) in base 16?
-b8f2
What is -11011101111101111100 (base 2) in base 4?
-3131331330
133011301130 (base 4) to base 5
4041300413
What is 10100001201110 (base 3) in base 16?
1b0cb4
Convert -17d41f (base 16) to base 7.
-16162601
-1034345 (base 9) to base 13
-165404
-2e47e (base 16) to base 12
-91852
What is -21037 (base 10) in base 3?
-1001212011
Convert -9ab348 (base 12) to base 8.
-11321050
2038a9a (base 11) to base 4
31232222210
What is -5b581 (base 13) in base 12?
-81216
-389642 (base 11) to base 7
-5132160
What is 176f64 (base 16) in base 15?
2050e9
Convert -21012021102112 (base 3) to base 13.
-a3b695
Convert 1557a6 (base 12) to base 11.
228211
111100120000 (base 3) to base 16
402bd
Convert -7177141 (base 8) to base 11.
-1088660
12150b (base 12) to base 8
1073633
Convert -1ca3b (base 13) to base 3.
-2212201201
What is -11133210 (base 4) in base 9?
-33770
What is -1025532311 (base 6) in base 5?
-10243223123
What is 10001023133 (base 4) in base 14?
1d5c75
Convert 39c14 (base 13) to base 14.
2b269
2401100102 (base 5) to base 7
64433423
-10101110001111 (base 2) to base 4
-2232033
Convert 120233141 (base 5) to base 9.
1035804
What is -77243 (base 11) in base 3?
-12200202121
What is d710 (base 16) in base 15?
114a6
Convert -d969 (base